
Calculate 55 + -46 + -14 + -2.
-7
Calculate 5 - -2 - (20 + -3).
-10
0 - 3 - (0 + -2)
-1
What is 0 - (2 + 4) - -9?
3
-1 - (-4 + 1) - 0
2
Calculate -4 - -6 - (-12 - -13).
1
(8 - (4 - 7)) + -4 + 1
8
5 - (7 - 3 - 3) - 7
-3
(1 + 1 + 4 - 4) + 1
3
What is (9 + -5 - 8) + 5?
1
What is -2 - (-7 + 7 + 1) - -2?
-1
4 - (-12 + 4 - -3 - -4)
5
-5 - -6 - (-2 + (4 - 0))
-1
Calculate -1 + (-3 - (-11 + 6 + 3)).
-2
Calculate 5 - 0 - (-6 + -4 + 17).
-2
Calculate -1 + -1 - (0 + (8 - 14)).
4
Evaluate (-1 - (1 - 4)) + 2 - 2.
2
(-1 - (-2 + 2)) + 0 + 1
0
What is 1 + (-1 - 3) + 5 - 7?
-5
Evaluate 9 + 6 - 8 - 5.
2
Evaluate 13 + -1 - (145 + -127).
-6
(1 - (-1 - (-2 + 5))) + 0
5
3 + (-1 - -3 - -1) + -8
-2
Evaluate 10 + (-1 - -4) + (36 - 44).
5
What is 1 + (-11 - (2 + -6) - -3)?
-3
-13 + 11 + -1 + 7
4
What is (27 - 36) + (9 - -1)?
1
What is the value of (48 - 36) + -21 + 1?
-8
Calculate -2 - ((-3 - (-2 + 5)) + 3).
1
3 - ((-2 - 0) + 4 - -2)
-1
Evaluate (13 - 4) + 3 - 12.
0
-6 + -2 + 2 + (30 - 16)
8
What is the value of 0 + (1 - 2) + -9 + 4?
-6
-2 + (-5 - (-1 + 0 + -1))
-5
Calculate 21 - 19 - (-12 - -5).
9
Calculate 4 + (-6 - -1) - -7.
6
What is -1 - -1 - (1 + -6)?
5
What is the value of 9 + -8 - ((1 - -3) + 2)?
-5
What is 5 + -5 - ((0 - -1) + -2)?
1
Evaluate -2 - -4 - (21 - 24).
5
What is the value of 2 + -5 + (6 - 8) - -3?
-2
135 + -130 + -1 + -1
3
12 - 9 - (3 + -4)
4
6 + (-14 - 5) - -8
-5
Calculate -13 - (1 + -4 + -31 + 28).
-7
Evaluate -15 + 10 + 3 + 1.
-1
What is the value of -3 + -3 + 13 + -11?
-4
What is the value of 0 + 0 + 15 + -10?
5
Evaluate -150 - -159 - (4 - 0).
5
Calculate 1 - (7 + 5 + -6 + 1).
-6
Evaluate (-12 - -13) + 3 + -8 + 1.
-3
Calculate -5 + 0 + 2 + -18 + 11.
-10
Calculate (3 + -7 - 1) + 0.
-5
Evaluate 10 + -15 - (-3 - 2).
0
What is the value of (-11 - (-1 - 3) - -3) + 1?
-3
Calculate -3 - (-7 + 4) - 9.
-9
What is -21 + 19 - (-3 - -1)?
0
What is (-4 - (11 - 8)) + 5 + 6?
4
Evaluate -5 + 5 + -5 + 3.
-2
Calculate -8 + 4 + (11 - 5) - 9.
-7
What is the value of -6 - (12 - (8 - 3)) - -8?
-5
What is the value of 3 - ((-5 - (-5 - 1)) + -3)?
5
Calculate 3 - (0 - (-4 - -8 - 1)).
6
4 + 1 + 1 + -5
1
What is 12 - (-1 + 7 + 3)?
3
What is the value of 3 + 1 + 12 + -17 + -2?
-3
Calculate -1 + (-8 - (-8 + (-3 - -7))).
-5
Calculate -9 - ((-5 - 4) + 5).
-5
What is the value of -4 + 2 + -2 - 1?
-5
Calculate 6 - 7 - -6 - 2.
3
What is -8 + 3 - (7 - (9 + -5))?
-8
Evaluate 3 + 1 - (-38 + 38).
4
Calculate (2 - (3 + -2)) + -1.
0
Calculate 9 + -6 + 1 + -2.
2
What is 4 + (1 - 7) + 5?
3
Evaluate (-4 - (-4 + 0 - -2)) + 3.
1
9 - ((0 - 7) + 16)
0
What is -4 + (0 + -2 + 5 - 2)?
-3
What is -4 + -1 - -5 - -2 - 5?
-3
What is the value of 2 + -1 - -3 - (26 - 16)?
-6
Calculate 0 - (0 + 2 + (-7 - -5)).
0
What is the value of (4 - (-4 + 4)) + 0 + -6?
-2
What is the value of -7 + (4 + 3 - 0)?
0
What is 1 + -2 - (0 - 4)?
3
What is the value of 9 - (-8 + (-2 - -12))?
7
What is 10 + -15 - (7 + -11)?
-1
What is (23 - 4) + (3 - 17)?
5
What is 7 + 3 + -1 + 0?
9
Calculate -5 + 6 - (-2 + 1 - 3).
5
What is the value of (2 - 3) + (0 + 9 - 13)?
-5
Calculate -26 + 12 + (9 - -2).
-3
Evaluate -3 + (1 - 1) + -3 + 2.
-4
What is (4 - 4) + 0 + 4?
4
Evaluate 0 + (-4 - -3) - 3.
-4
Evaluate -8 - (-5 + (-4 + -2 - -6)).
-3
What is the value of -2 + 2 - (-4 - (-8 + -1))?
-5
What is (-4 - -2) + 8 + -4 + 3?
5
What is the value of 9 + -11 + (2 - (-2 - -3))?
-1
Evaluate -5 + 12 - (2 - -10).
-5
Evaluate -19 + 28 + (-6 - 2).
1
What is the value of 13 + -5 - (3 - 0)?
5
9 - (8 - -6 - 0)
-5
What is -4 + 3 + (-5 - -4 - 2)?
-4
What is 6 - (-4 - (-3 - 15))?
-8
1 + (-10 - -3) + 10 + 6
10
What is 0 - ((-1 - 0) + 11 + -6)?
-4
Calculate 0 - (2 - 5 - -3).
0
Evaluate (-149 - -143) + -2 + -3.
-11
-74 - -73 - (3 - -1)
-5
-3 + -2 + 10 + 0
5
What is the value of -1 + 1 + -2 - 3?
-5
28 + -11 + -8 - 10
-1
-1 + (-4 - 4) + 5
-4
Calculate 1 + (-1 - 0) - (3 + -1).
-2
What is -8 - (7 - 15) - (-3 + 4)?
-1
Calculate -97 + 95 + (-3 - 1).
-6
What is 6 + (2 - (3 - -1 - 4))?
8
Evaluate (-5 - -5) + 3 + -2 + -6.
-5
Evaluate (4 - 7) + (-1 - 0) + 4.
0
What is the value of -8 - (-8 - 2 - -2)?
0
Evaluate 0 + 1 - 3 - (17 + -15).
-4
What is 30 + -30 + (0 - (0 + -2))?
2
What is -8 - (6 - (19 - 5))?
0
What is (-5 - -1 - -7) + 2 + -2?
3
Calculate 9 + -19 + (-6 - -8).
-8
What is (-9 + -6 - -6) + (6 - 2)?
-5
Calculate (0 + 2 - (13 + -9)) + 1.
-1
(6 - (-7 + 3 - -2)) + -2
6
Evaluate -4 + (-2 - -5) - -5.
4
-4 + 0 + (8 - 1)
3
What is 3 + -1 + -5 + -7 + 14?
4
Evaluate (6 - 3) + 1 + -2.
2
Evaluate -2 - (-7 + 3) - (3 + -8).
7
What is 2 + -4 - 0 - (1 + -3)?
0
Calculate -1 + -5 + (4 + 4 - 6).
-4
Evaluate -2 + (2 - 1) + -4.
-5
What is 1 - (-3 + -1 + 10)?
-5
What is 58 + -53 + -3 + 2 + -2?
2
What is the value of 6 + -6 + (-1 + 0 - -3)?
2
Calculate (-1 + 1 - -1) + -1.
0
Calculate -4 + (0 - (-6 - -10 - 4)).
-4
Calculate (-23 - -18) + (4 - 2) + 4.
1
What is the value of 0 - 2 - (-4 + -1 + 4)?
-1
Calculate -2 + (-18 - -9) + 1.
-10
Evaluate -5 - (3 + -2 - 1).
-5
(3 - (-1 + (5 - -1))) + -1
-3
-1 + (-2 - -3) + 3 + -5
-2
Calculate 0 - -1 - (101 + -94).
-6
Calculate (2 - 5) + 10 + -13 + 7.
1
What is (-4 - (-2 - -5)) + 4?
-3
What is 4 + 3 + 1 + (-3 - 1)?
4
(-4 - -13) + -4 + 1 - 2
4
-7 - -1 - (9 + -14)
-1
2 + -1 + 2 - 1 - 1
1
What is -4 - -3 - 4 - (-11 - 1)?
7
What is the value of (-1 - -4) + 2 + -1 + -2?
2
Calculate 4 + 3 + -10 - -5.
2
Evaluate 3 - 8 - (3 - 3).
-5
What is the value of -3 + -2 + 5 + -1?
-1
4 + (0 - -4) + -5
3
Calculate -8 + (-2 + (-5 - -18) - 0).
3
Calculate (2 - 1) + (-3 - -6).
4
Calculate 1 - (-6 - -4 - -3).
0
What is the value of -2 + 1 - (7 + -4)?
-4
Evaluate 2 + (2 - (3 - 0)) + 2.
3
What is 9 + (2 - 3) + 0 + -2?
6
What is the value of 1 + (-6 - -1) + (-45 - -48)?
-1
Calculate 2 + -6 + 2 + -3.
-5
Evaluate (-5 - (-11 + 5)) + -5.
-4
Calculate 4 + 1 - (-6 - -15).
-4
Evaluate (2 - -1) + (-11 - -5) + 4.
1
Calculate -7 - (-12 - (9 + -17)).
-3
Evaluate 1 + (-2 - -4) - -1.
4
Calculate -65 - -62 - (-1 - -1).
-3
Evaluate 4 + (12 - 14 - (2 - -1)).
-1
What is the value of -11 - (-16 - -7) - -8?
6
Evaluate (2 - 6) + -4 + (2 - -5).
-1
Evaluate 6 - (-1 - -2 - (-4 - -1)).
2
2 - ((-7 - -8) + -2 + 7)
-4
What is -2 + -3 + 10 - 7?
-2
What is -3 + -1 + 6 + (-6 - -5)?
1
(-9 - -5) + -4 - -8
0
0 - -6 - 4 - 8
-6
Evaluate (-4 - 2) + 5 + -10 + 4.
-7
Evaluate -4 + 3 - (0 - 2).
1
Calculate 8 - 8 - 3 - (-4 + -2).
3
Calculate (-16 - -24) + -3 + (2 - 2).
5
3 + (-4 - (4 + -7))
2
Calculate -4 - (-4 + 2) - (-4 - -2).
0
What is -203 + 209 - (1 + 1)?
4
What is the value of (5 - 3) + -1 + 0 + 6?
7
What is the value of -14 + (10 - 5) - (-1 + -6)?
-2
Evaluate -5 - (1 + -16) - (6 + -2).
6
What is the value of (1 - -1) + (-20 - -20) + -4?
-2
Evaluate 4 + (0 + 2 - 7) - 1.
-2
Evaluate 0 + 0 + 1 + -1.
0
Calculate -16 - -12 - (-6 + -1).
3
Calculate -2 - 0 - (4 + -4).
-2
Evaluate (36 - 18) + 1 + -13.
6
Evaluate 6 + 5 + (-8 - -1) + 1.
5
Evaluate -20 + 15 - (-4 + (2 - 5)).
2
Calculate (-3 - (-2 + -9)) + -5 + 2.
5
What is the value of 1 - -1 - (3 - -1)?
-2
What is 1 - -1 - (4 + -6 + 5)?
-1
(4 - 5) + (-5 - -3 - -6)
3
What is 1 - -1 - (-29 + 26)?
5
Evaluate 2 + -6 + (8 - 6 - -5).
3
Calculate -1 + 3 + 0 + -7.
-5
What is the value of (-2 + -2 + 0 - -1) + 0?
-3
What is 4 - (5 - ((-2 - -3) + 5))?
5
Calculate -1 + (4 - -2 - 3).
2
Calculate 5 + (-2 - 0) - (3 + -1).
1
Evaluate 5 + 3 + -9 + 2 + 5.
6
What is -1 - (-4 - -7) - -2?
-2
1 + -6 + -2 + 2
-5
Evaluate -2 + -3 + (13 - 6).
2
What is (-1 - (3 - 7)) + -3?
0
Calculate 0 + 1 + (2 - -4 - 3).
4
What is the value of 5 - (3 + -6) - 5 - 2?
1
Calculate 8 - (-7 - (2 - 19)).
-2
2 - (-4 - -5) - (0 - -3)
-2
Calculate 1 + (-15 - -10 - (-1 + -6)).
3
Evaluate -10 - 0 - -3 - -9.
2
Evaluate 3 + -4 - (23 - 27).
3
Calculate (1 - -3) + -2 + 3.
5
Evaluate 1 - 0 - (14 + -17).
4
What is the value of (-8 - -4) + -1 + 6?
1
Evaluate 0 - (-2 + -3 + 3 - -5).
-3
Evaluate -4 + -6 + 16 + (0 - 3).
3
What is (3 - -1) + (-5 - (-2 + -2))?
3
What is the value of -3 - ((2 - 4) + -3 - 3)?
5
Calculate (3 - 1) + (0 - 2).
0
What is the value of -2 + 0 - -13 - 4?
7
(32 - 31) + -3 + -1
-3
3 + 3 + -6 + 3 + -3
0
-1 + 11 + (98 - 100)
8
What is 8 + -4 + -3 - (-1 - 2)?
4
What is -3 - (1 + -4 - -8 - 0)?
-8
Calculate (-1 - -6) + (-10 - -3).
-2
What is the value of (6 - -9 - 9) + (-1 - 10)?
-5
What is the value of -3